**2 + i*b**4. Calculate x(3).
5
Let z(c) be the third derivative of -c**4/8 + c**3/6 - 2*c**2. Let l = -8 - -7. What is z(l)?
4
Let m be (34/119)/(1/7). Let x be (-10)/(2*m/2). Let v(o) = o. Determine v(x).
-5
Suppose 3*g + 10 = -0*w + w, -5*w - 2*g = -16. Suppose -w*z + 4 = -16. Let y(a) = a**2 - 5*a - 6. Determine y(z).
-6
Let c(w) = -2*w**2 - 17*w**3 - 2*w + 13*w**3 + 2*w**2 + 1. What is c(1)?
-5
Let v(r) = 7*r**2 + 5. Let z(t) = 3*t**2 + 2. Let b(d) = -2*v(d) + 5*z(d). Calculate b(-2).
4
Let v be -2 + 6 + (3 - 4). Let b(u) = -7*u**3 - 8*u**3 + 1 + 3*u**3 - u**2 + 4*u**v. Determine b(-1).
8
Let g(j) = 4*j - 3. Let y(f) = -7*f + 6. Let n(w) = -5*g(w) - 3*y(w). Determine n(6).
3
Let x(z) = 1. Let u(s) = 21*s - 6. Let m(v) = -u(v) - 5*x(v). Give m(-1).
22
Suppose 3*f = -0*f + 48. Let t be 10/4*f/20. Suppose 2*j - t = 2. Let h(z) = z - 3. What is h(j)?
-1
Let o(p) = 16*p**2 + 24*p + 30. Let v(k) = -3*k**2 - 5*k - 6. Let i(n) = -2*o(n) - 11*v(n). Determine i(-6).
0
Let m(f) = 3*f - 1. Let c = 0 + 4. Suppose -c*p + 1 = -3. What is m(p)?
2
Suppose -c - 3*r = -8, 0 = -c + 5*r - 10 + 2. Let l(g) = 2*g**2 - g**3 - 3*g**2 + c*g**3 + 2 + g. Let n(h) = h**2 + 6*h + 7. Let p be n(-5). What is l(p)?
8
Suppose n + 4 = -0. Let a(j) be the third derivative of 0*j - j**3 - 1/8*j**4 - j**2 + 0. What is a(n)?
6
Let x(q) be the second derivative of 1/6*q**3 - 3/2*q**2 + 0 + 3*q. Suppose -g + 5 = 0, g + 4*g = -2*j + 31. What is x(j)?
0
Let y(w) be the second derivative of -w**4/3 - w**3/2 + 16*w. Determine y(-2).
-10
Suppose 2*f - 5*f = 3*x - 12, -4*f = x + 8. Suppose -x = -0*z - 2*z. Let b(s) = -5*s + 0*s - s**3 + 0*s**2 - z*s**2 + 2*s - 4. Calculate b(-3).
-4
Let t(y) = y**2 - y - 3. Let c be t(3). Let s(v) = -6*v**2 - c*v - 1 + 4*v + 3*v**2 + 4*v**2. Determine s(0).
-1
Let y be 6/(-9)*1*3. Let n = 7 + y. Let i(q) = q - 5. Determine i(n).
0
Let l = 8 + -2. Let s(t) = l + t**2 + 0*t**2 + 8*t + 0*t - 2*t. Calculate s(-5).
1
Let i(v) be the third derivative of -v**5/120 - 7*v**4/12 + v**3/3 - v**2. Let x(a) be the first derivative of i(a). Determine x(0).
-14
Let x(d) = -d**2 + 2*d + 4. Suppose f + 7*q - 3 = 4*q, -4*q = -4*f + 76. Suppose 4*g - f = z, 7*g - 3 = 2*g - 4*z. Calculate x(g).
1
Suppose -k = -2*k + 5. Let r(o) = 26 + 4*o**2 - 5*o - 3*o**2 - 26. Calculate r(k).
0
Let g = -3 - -6. Let n(k) = k**2 + 3*k**g - k**3 + k - k**3 - 1. Let o(h) = -h**2 - 3*h - 2. Let w be o(-2). Calculate n(w).
-1
Let q(m) = -4*m - 7. Let c be q(-4). Let n(s) = -s**3 + 10*s**2 - 8*s + 3. Calculate n(c).
12
Let l(n) = 5*n - 1. Let y(f) = 6*f. Let w(a) = -5*l(a) + 4*y(a). Let k(j) = 17*j + 276. Let r be k(-16). Give w(r).
1
Let c(f) = -2*f**2 + 17*f**2 - 7*f**2 - 3 + 4*f - 9*f**2. Give c(4).
-3
Let j(w) = -w**3 + 6*w**2 + w. Let q = 17 + -11. Give j(q).
6
Let t(s) = s**2 - 7*s - 6. Let x(c) = -c**2 - 6*c + 7. Let y be x(-6). Determine t(y).
-6
Let i(l) = l**2 - l + 9. Let p be i(0). Suppose 2*g = -g + p. Let v(d) = d**3 - 2*d**2 - 4. Determine v(g).
5
Let j(k) = k. Let o be (4 + -9)/(1*-1). Suppose 0 = -4*a + o - 1. Give j(a).
1
Let r(o) = o**3 - 9*o**2 - 10*o - 1. Let q = 30 + -20. Let w be r(q). Let p(u) = 4*u + 1 + 4*u - 6*u. Determine p(w).
-1
Let u(h) = 3*h**2 - 3*h + 3. Let k be 5 - (-1 + (0 - -4)). Calculate u(k).
9
Let i(o) = 3*o + 5. Let h = 57 - 61. Give i(h).
-7
Suppose 0*p + 4*p = 8. Let z be p*(0 - 3/(-6)). Let o(u) = 2*u - z - u**2 - u**3 + 0*u**3 + 0*u**3. Calculate o(-2).
-1
Let i(w) be the first derivative of w**3/3 - 7*w**2/2 + 3*w + 55. Suppose -5*r + 11 = 4*y, -y = -2*r + r - 5. Determine i(y).
-9
Let l(m) = -m**2 - m - 2. Let c(p) = -p**3 - p**2 + p + 1. Let u be c(-2). Suppose -2*s = u*q + 17, -5*q - 4*s - 11 = 20. Give l(q).
-8
Let r(d) = 3*d + 10. Let l(a) be the first derivative of -a**2 - 11*a + 1. Let w(i) = 4*l(i) + 3*r(i). Calculate w(6).
-8
Suppose 6 = 5*t - 9. Suppose -15 = -6*r + r. Let i(u) = -u**3 + 3*u + u - r + 2*u**2 + 1. What is i(t)?
1
Let z(i) be the third derivative of i**6/120 + i**5/30 - i**4/6 - i**3/3 - 3*i**2. Let f be z(-3). Let n(g) = 3*g**3 - g**2. Give n(f).
2
Suppose 0 = 6*m - 5*m - 1. Let g(f) be the second derivative of -f**5/5 + f**4/12 - f**3/3 + f**2/2 + f. Give g(m).
-4
Let y(u) = -2*u**2 + 5*u + 6. Let m(r) = 5*r**2 - 10*r - 12. Let c(a) = 3*m(a) + 7*y(a). What is c(-4)?
2
Let t(a) = a + 0*a + 5 - 2*a. Let b(d) = -d + 4. Let y(u) = 4*b(u) - 3*t(u). Give y(-2).
3
Let g = -9 + 11. Let c be 1 + (g + -1)/1. Let u(o) = -6*o - 3*o**c + 3*o**2 + o**2. Calculate u(5).
-5
Let h(r) = r + 9. Let p be h(-9). Let a be 2/(-2 - 0) - -2. Let z(n) = 0*n - a - n - 2. Give z(p).
-3
Let w(a) = a - 2. Let s be w(6). Suppose 5*u - z - 22 = 0, 0 = 4*u - 7*z + s*z - 11. Let m(p) = -p**3 + 6*p**2 - 4*p - 5. What is m(u)?
0
Let x(v) = -v**2 - 7*v - 4. Let l = -30 + 24. What is x(l)?
2
Let h(b) be the third derivative of b**2 + 0*b + 0 + 1/24*b**4 - 2/3*b**3 + 1/60*b**5. Give h(0).
-4
Let d = -6 - -9. Suppose 2*l - 3*q - 14 = 0, d*l + 3*q + 6 = -3. Let v(x) = -18*x**2 + 1. Determine v(l).
-17
Let g = -8 + 4. Let n(a) be the third derivative of -a**9/60480 - a**8/5040 + a**7/2520 - a**5/30 - 3*a**2. Let x(c) be the third derivative of n(c). Give x(g).
-8
Let n(y) = -y**2 + 4*y + 1. Suppose -2*d = -6*d + 80. Let f = -19 + 23. Suppose -f*p = -a + d, 9*a = 4*a - 4*p + 4. Determine n(a).
1
Let j(t) = t. Let o(m) = -5*m - 2. Let d(z) = -4*j(z) - o(z). Determine d(-8).
-6
Suppose -5*u + 2*d + 10 = 0, 5*u + d - 2*d = 10. Let b(o) = 5 - 2*o**2 + o**u + 5*o - 8. Give b(4).
1
Let t(p) = 182 - 182 - p**2 + 7*p. Let a be ((-6)/(-4) + -2)*-12. Calculate t(a).
6
Suppose 0 = 3*w - 0*w + 3*a + 12, -5*w = 4*a + 15. Let z(n) be the second derivative of -7*n**4/12 - n**2/2 + n. What is z(w)?
-8
Let k(w) = -4*w + 9 + 7 + 12 + w**2 - 29. Calculate k(5).
4
Let v(s) be the first derivative of s**3/3 - 5*s**2/2 - 4*s - 7. Suppose -2*k - 4*l = 4, -3*k = 4*l - 0 - 2. Determine v(k).
2
Suppose 3*j - 2*g - 21 = 2*g, 2*j = -2*g. Suppose 0 = j*s + 3 - 0. Let p(o) = -2*o - 1. Give p(s).
1
Suppose 0 = 3*s + 17 - 41. Let l(c) = c**3 - 8*c**2 + c - 5. Determine l(s).
3
Suppose -12 = 3*g - q - 2, 3*g + 16 = -2*q. Let z(u) = u - 1. Let r(j) = 10*j - 1. Let t(i) = -r(i) + 6*z(i). Calculate t(g).
11
Let h(u) = u**3 - 5*u**2 + 4*u + 1. Let n be 0/(2/(-4)*-4). Suppose j = -n - 5, -3*w + 5*j + 34 = 0. Suppose -3 = 3*f, 0*a - 5*f + 7 = w*a. Determine h(a).
1
Let h(q) = q**2 + 28 - 4*q**3 + 0*q**2 + 3*q**3. Give h(0).
28
Let q(v) = v - 1. Suppose -2*c = 3 - 7. Let t(p) = 0 - 5*p + c - 3. Let b be t(-1). Determine q(b).
3
Let k(f) = 19 - 12 + f**2 - 13 - 4*f. Determine k(6).
6
Let p(r) = -r - 1. Let j(i) = -6*i - 10. Let t(x) = -j(x) + 5*p(x). Let f be (-4)/10 - 81/(-15). Calculate t(f).
10
Let a(x) = x**3 - x**2 + 1. Let l(i) = -7*i**3 + i**2 - 7*i - 12. Suppose s - m - 10 = 1, 0 = s - 4*m - 26. Let j(c) = s*a(c) + l(c). Give j(-4).
6
Let h(q) be the second derivative of -1/3*q**3 + 7*q - 4*q**2 + 0. What is h(-6)?
4
Let s = -12 - -14. Suppose s*h - 5*h = -12. Let t(d) = -d**2 + d. Let a(o) = -4*o**2 + 2. Let f(l) = a(l) - 5*t(l). Calculate f(h).
-2
Let b(f) be the third derivative of f**4/8 - f**3/3 + f**2 - 4. What is b(4)?
10
Let i(p) = p**2 + 4*p - 3. Let n be ((0/4)/(-3))/(-3). Let s = n + -5. Calculate i(s).
2
Let u(w) = 6*w + 17. Let n(h) be the first derivative of h**4 - h**3/3 + h - 2. Let q be n(-1). Let b(v) = 3*v + 8. Let p(s) = q*u(s) + 9*b(s). Determine p(-4).
-8
Let q(u) = u**3 - 5*u**2 - 7*u - 8. Let c be 0 + 1 - (6 - 11). Give q(c).
-14
Let p(l) be the first derivative of 3*l**2/2 + 5*l + 4. Suppose 5*u - 13 = -4*d - 0*d, -5*d = 15. Let f be ((-2)/u)/(2/20). Calculate p(f).
-7
Let d(m) = m**3 + 4*m**2 - 6*m + 3. Suppose p - 28 = 5*q, 0 = -0*p - 4*p + 12. Calculate d(q).
8
Let f be (-10)/(-2)*(-9)/(-15). Let r(v) = -10*v**2 - 2 + 2*v + 2*v**f + 9*v**2 - 3*v. Calculate r(2).
8
Suppose 14 = -3*x + 29. Let t(y) = -y - y + 3*y. Calculate t(x).
5
Let s(i) = i**3 - 6*i**2 + 4*i + 7. Let x be s(5). Let c(q) = -15*q**3 - 3*q**2 + q + 7. Let j(m) = 11*m**3 + 2*m**2 - 6. Let g(w) = 3*c(w) + 4*j(w). Give g(x).
-9
Let u(b) = -2*b**3 + 7*b**2 - b - 7. Let r(x) = -3*x**3 + 8*x**2 - 8. Let o(y) = -3*r(y) + 4*u(y). Determine o(-5).
-9
Let z(a) be the third derivative of -a**5/60 + a**4/8 -